{"id":10332,"date":"2021-03-16T20:31:57","date_gmt":"2021-03-16T19:31:57","guid":{"rendered":"https:\/\/stuebi-hamburg.de\/stadtteilschule\/?page_id=10332"},"modified":"2021-04-21T16:14:16","modified_gmt":"2021-04-21T14:14:16","slug":"informationen-jg-1-4","status":"publish","type":"page","link":"https:\/\/stuebi-hamburg.de\/stadtteilschule\/informationen-jg-1-4\/","title":{"rendered":"Informationen Jg. 1 &#8211; 4"},"content":{"rendered":"\n<p style=\"text-align: justify\"><img loading=\"lazy\" class=\"alignleft wp-image-10473\" src=\"https:\/\/stuebi-hamburg.de\/stadtteilschule\/wp-content\/blogs.dir\/2\/files\/2021\/04\/Grundschule-Stuebi-Kinder-auf-Pferden-1620x1080.jpg\" alt=\"\" width=\"336\" height=\"224\" srcset=\"https:\/\/stuebi-hamburg.de\/stadtteilschule\/wp-content\/blogs.dir\/2\/files\/2021\/04\/Grundschule-Stuebi-Kinder-auf-Pferden-1620x1080.jpg 1620w, https:\/\/stuebi-hamburg.de\/stadtteilschule\/wp-content\/blogs.dir\/2\/files\/2021\/04\/Grundschule-Stuebi-Kinder-auf-Pferden-658x440.jpg 658w, https:\/\/stuebi-hamburg.de\/stadtteilschule\/wp-content\/blogs.dir\/2\/files\/2021\/04\/Grundschule-Stuebi-Kinder-auf-Pferden-1536x1024.jpg 1536w, https:\/\/stuebi-hamburg.de\/stadtteilschule\/wp-content\/blogs.dir\/2\/files\/2021\/04\/Grundschule-Stuebi-Kinder-auf-Pferden-2048x1365.jpg 2048w\" sizes=\"(max-width: 336px) 100vw, 336px\" \/>Wir er\u00f6ffnen Sch\u00fclerinnen und Sch\u00fclern einen gro\u00dfz\u00fcgigen zeitlichen Rahmen, in dem sie in unserer Ganztagsschule zus\u00e4tzliche Angebote wahrnehmen k\u00f6nnen. \u00dcber den Unterricht hinaus bieten wir AGs in den Bereichen Sport, Musik, Werken, Kunst, Theater und weiteren kreativen Aktivit\u00e4ten. Zudem k\u00f6nnen wir einzelne Kinder nach Bedarf intensiveroder gezielter f\u00f6rdern und fordern. Statt Hausaufgaben werden die\u00a0 Sch\u00fclerinnen und Sch\u00fcler in vertiefenden Lernzeiten beim Arbeiten begleitet. Zum Kollegium geh\u00f6ren nicht nur Lehrerinnen und Lehrer, sondern auch Sozialp\u00e4dagoginnen und -p\u00e4dagogen, Erzieherinnen und Erzieher sowie Bibliothekspersonal, die uns tatkr\u00e4ftig und mit viel Engagement unterst\u00fctzen.<\/p>\n<p style=\"text-align: justify\"><img loading=\"lazy\" class=\"alignright wp-image-10474\" src=\"https:\/\/stuebi-hamburg.de\/stadtteilschule\/wp-content\/blogs.dir\/2\/files\/2021\/04\/PC-Kinder-Kopie-1620x1080.jpg\" alt=\"\" width=\"336\" height=\"224\" srcset=\"https:\/\/stuebi-hamburg.de\/stadtteilschule\/wp-content\/blogs.dir\/2\/files\/2021\/04\/PC-Kinder-Kopie-1620x1080.jpg 1620w, https:\/\/stuebi-hamburg.de\/stadtteilschule\/wp-content\/blogs.dir\/2\/files\/2021\/04\/PC-Kinder-Kopie-658x440.jpg 658w, https:\/\/stuebi-hamburg.de\/stadtteilschule\/wp-content\/blogs.dir\/2\/files\/2021\/04\/PC-Kinder-Kopie-1536x1024.jpg 1536w, https:\/\/stuebi-hamburg.de\/stadtteilschule\/wp-content\/blogs.dir\/2\/files\/2021\/04\/PC-Kinder-Kopie-2048x1365.jpg 2048w\" sizes=\"(max-width: 336px) 100vw, 336px\" \/>Das Mehr an Zeit, das den Sch\u00fclerinnen und Sch\u00fclern im Rahmen der Ganztagsschule zur Verf\u00fcgung steht, nutzen unsere Erzieherinnen und Erzieher, um ihre Sch\u00fctzlinge f\u00fcr diverse Aktivit\u00e4ten zu begeistern und ihre Individualit\u00e4t zu f\u00f6rdern. Dabei k\u00f6nnen die jungen Menschen einen Teil der Inhalte selbst bestimmen, den anderen Teil f\u00fcllen die Lehrkr\u00e4fte. Im WIKI (Wissen f\u00fcr Kinder) werden einerseits die schulischen Kompetenzen vertieft, andererseits kann fehlendes Vorwissen erg\u00e4nzt werden. Einen Schwerpunkt nimmt \u00fcberdies die Arbeit am Sozialverhalten ein: Wir st\u00e4rken die Gruppendynamik der Klasse und geben den Kindern jede M\u00f6glichkeit, ihren Horizont zu erweitern. In der Vermittlung von gesellschaftlichen Normen und Werten orientieren wir uns stark an der Lebenswelt der Kinder.<\/p>\n<p style=\"text-align: justify\"><img loading=\"lazy\" class=\"alignleft wp-image-10472\" src=\"https:\/\/stuebi-hamburg.de\/stadtteilschule\/wp-content\/blogs.dir\/2\/files\/2021\/04\/Springseil-1620x1080.jpg\" alt=\"\" width=\"336\" height=\"224\" srcset=\"https:\/\/stuebi-hamburg.de\/stadtteilschule\/wp-content\/blogs.dir\/2\/files\/2021\/04\/Springseil-1620x1080.jpg 1620w, https:\/\/stuebi-hamburg.de\/stadtteilschule\/wp-content\/blogs.dir\/2\/files\/2021\/04\/Springseil-658x440.jpg 658w, https:\/\/stuebi-hamburg.de\/stadtteilschule\/wp-content\/blogs.dir\/2\/files\/2021\/04\/Springseil-1536x1024.jpg 1536w, https:\/\/stuebi-hamburg.de\/stadtteilschule\/wp-content\/blogs.dir\/2\/files\/2021\/04\/Springseil-2048x1365.jpg 2048w\" sizes=\"(max-width: 336px) 100vw, 336px\" \/>Bewegung und Sport unterst\u00fctzen die geistige Leistungsf\u00e4higkeit. Bewegung und Lernen sind sogar eng miteinander verkn\u00fcpft. Aus diesem Grund legen wir als sportbetonte Schule gro\u00dfen Wert auf vielf\u00e4ltige Bewegungsm\u00f6glichkeiten. Neben drei regul\u00e4ren Sportunterrichtsstunden bieten wir in den Pausen und in der Mittagsfreizeit Bewegungsangebote wie zum Beispiel Tanzen, an, wir verleihen au\u00dferdem Spielger\u00e4te und halten die Sporthalle zur Nutzung offen. Im Verlaufe des Schuljahres veranstalten wir eine Reihen von Sportturnieren in verschiedenen Disziplinen. \u00dcber die Talentgruppe des Hamburger Sportbunds und der Basketballmannschaft Hamburg Towers k\u00f6nnen ausgew\u00e4hlte Sch\u00fclerinnen und Sch\u00fcler mit professionellen Coaches arbeiten und intensiv gef\u00f6rdert werden.<\/p>\n<p style=\"text-align: justify\">An unserer Schule bieten wir vielf\u00e4ltige F\u00f6rderm\u00f6glichkeiten in den Bereichen Sprache, Lesen und Mathematik. Nach dem Prinzip \u201eLesen macht schlau\u201c haben wir feste t\u00e4gliche Lesezeiten im Stundenplan. F\u00fcr leistungsstarke Kinder haben wir Talentgruppen ins Leben gerufen. Neben der oben erw\u00e4hnten Sportf\u00f6rderung k\u00f6nnen ausgew\u00e4hlte Sch\u00fclerinnen und Sch\u00fcler des Jahrgangs 4 am Projekt \u201eWeichenstellung der ZEIT-Stiftung\u201c teilnehmen.<\/p>\n","protected":false},"excerpt":{"rendered":"<p>Wir er\u00f6ffnen Sch\u00fclerinnen und Sch\u00fclern einen gro\u00dfz\u00fcgigen zeitlichen Rahmen, in dem sie in unserer Ganztagsschule zus\u00e4tzliche Angebote wahrnehmen k\u00f6nnen. \u00dcber den Unterricht hinaus bieten wir AGs in den Bereichen Sport, Musik, Werken, Kunst, Theater und weiteren kreativen Aktivit\u00e4ten. Zudem k\u00f6nnen &hellip; <a href=\"https:\/\/stuebi-hamburg.de\/stadtteilschule\/informationen-jg-1-4\/\">Weiterlesen <span class=\"meta-nav\">&rarr;<\/span><\/a><\/p>\n","protected":false},"author":26,"featured_media":0,"parent":0,"menu_order":0,"comment_status":"closed","ping_status":"closed","template":"","meta":[],"_links":{"self":[{"href":"https:\/\/stuebi-hamburg.de\/stadtteilschule\/wp-json\/wp\/v2\/pages\/10332"}],"collection":[{"href":"https:\/\/stuebi-hamburg.de\/stadtteilschule\/wp-json\/wp\/v2\/pages"}],"about":[{"href":"https:\/\/stuebi-hamburg.de\/stadtteilschule\/wp-json\/wp\/v2\/types\/page"}],"author":[{"embeddable":true,"href":"https:\/\/stuebi-hamburg.de\/stadtteilschule\/wp-json\/wp\/v2\/users\/26"}],"replies":[{"embeddable":true,"href":"https:\/\/stuebi-hamburg.de\/stadtteilschule\/wp-json\/wp\/v2\/comments?post=10332"}],"version-history":[{"count":4,"href":"https:\/\/stuebi-hamburg.de\/stadtteilschule\/wp-json\/wp\/v2\/pages\/10332\/revisions"}],"predecessor-version":[{"id":10475,"href":"https:\/\/stuebi-hamburg.de\/stadtteilschule\/wp-json\/wp\/v2\/pages\/10332\/revisions\/10475"}],"wp:attachment":[{"href":"https:\/\/stuebi-hamburg.de\/stadtteilschule\/wp-json\/wp\/v2\/media?parent=10332"}],"curies":[{"name":"wp","href":"https:\/\/api.w.org\/{rel}","templated":true}]}}