{"id":2705,"date":"2013-09-16T16:46:06","date_gmt":"2013-09-16T16:46:06","guid":{"rendered":"https:\/\/stuebi-hamburg.de\/stadtteilschule\/?page_id=2705"},"modified":"2021-06-07T11:23:58","modified_gmt":"2021-06-07T09:23:58","slug":"medien-stuebi","status":"publish","type":"page","link":"https:\/\/stuebi-hamburg.de\/stadtteilschule\/lernen\/schuelerfirmen\/medien-stuebi\/","title":{"rendered":"Medien-St\u00fcbi"},"content":{"rendered":"\n<div style=\"height:20px\" aria-hidden=\"true\" class=\"wp-block-spacer\"><\/div>\n\n\n\n<div class=\"wp-block-media-text alignwide is-stacked-on-mobile is-vertically-aligned-center\" style=\"grid-template-columns:19% auto\"><figure class=\"wp-block-media-text__media\"><img loading=\"lazy\" width=\"210\" height=\"227\" src=\"https:\/\/stuebi-hamburg.de\/stadtteilschule\/wp-content\/blogs.dir\/2\/files\/2021\/01\/Medienstuebi_Logo-1.jpg\" alt=\"\" class=\"wp-image-9635 size-full\" \/><\/figure><div class=\"wp-block-media-text__content\">\n<p class=\"has-text-align-left has-text-color\" style=\"color:#5f6162;font-size:40px\"><strong>Gestaltung visueller Medien<\/strong><\/p>\n\n\n\n<p class=\"has-text-align-right has-text-color\" style=\"color:#037a02;font-size:28px\"><strong>Wir sind die Profis am PC<\/strong> <\/p>\n<\/div><\/div>\n\n\n\n<div style=\"height:50px\" aria-hidden=\"true\" class=\"wp-block-spacer\"><\/div>\n\n\n\n<p class=\"has-text-color has-medium-font-size\" style=\"color:#037a02\"><strong>Was lernst du in der Sch\u00fclerfirma?<\/strong><\/p>\n\n\n\n<div style=\"height:20px\" aria-hidden=\"true\" class=\"wp-block-spacer\"><\/div>\n\n\n\n<div class=\"wp-block-media-text alignwide is-stacked-on-mobile\"><figure class=\"wp-block-media-text__media\"><img loading=\"lazy\" width=\"1100\" height=\"733\" src=\"https:\/\/stuebi-hamburg.de\/stadtteilschule\/wp-content\/blogs.dir\/2\/files\/2021\/01\/img-9579_4_orig-2.jpg\" alt=\"\" class=\"wp-image-9666 size-full\" srcset=\"https:\/\/stuebi-hamburg.de\/stadtteilschule\/wp-content\/blogs.dir\/2\/files\/2021\/01\/img-9579_4_orig-2.jpg 1100w, https:\/\/stuebi-hamburg.de\/stadtteilschule\/wp-content\/blogs.dir\/2\/files\/2021\/01\/img-9579_4_orig-2-658x438.jpg 658w\" sizes=\"(max-width: 1100px) 100vw, 1100px\" \/><\/figure><div class=\"wp-block-media-text__content\">\n<p>Im Medien-St\u00fcbi lernst du, wie du visuelle Medien gestalten kannst. Dabei \u00fcberlegst du dir, wie ein Logo f\u00fcr ein Unternehmen oder eine Marke aussehen kann. Du erstellst Logos, Grafiken und Illustrationen mit professionellen Grafikprogrammen, wie der Adobe Creative Suite.<br><\/p>\n<\/div><\/div>\n\n\n\n<div style=\"height:20px\" aria-hidden=\"true\" class=\"wp-block-spacer\"><\/div>\n\n\n\n<div class=\"wp-block-media-text alignwide is-stacked-on-mobile\"><figure class=\"wp-block-media-text__media\"><img loading=\"lazy\" width=\"1100\" height=\"733\" src=\"https:\/\/stuebi-hamburg.de\/stadtteilschule\/wp-content\/blogs.dir\/2\/files\/2021\/01\/img-9592_orig-1.jpg\" alt=\"\" class=\"wp-image-9663 size-full\" srcset=\"https:\/\/stuebi-hamburg.de\/stadtteilschule\/wp-content\/blogs.dir\/2\/files\/2021\/01\/img-9592_orig-1.jpg 1100w, https:\/\/stuebi-hamburg.de\/stadtteilschule\/wp-content\/blogs.dir\/2\/files\/2021\/01\/img-9592_orig-1-658x438.jpg 658w\" sizes=\"(max-width: 1100px) 100vw, 1100px\" \/><\/figure><div class=\"wp-block-media-text__content\">\n<p>Du entwickelst Werbemittel, wie Flyer, Plakate, Visiten- und Speisekarten, indem du Bilder aussuchst und mit Typografie arbeitest. Die Werbemittel gestaltest du digital und bereitest sie anschlie\u00dfend f\u00fcr den Druck auf.<br><\/p>\n<\/div><\/div>\n\n\n\n<div style=\"height:20px\" aria-hidden=\"true\" class=\"wp-block-spacer\"><\/div>\n\n\n\n<hr class=\"wp-block-separator\" \/>\n\n\n\n<p class=\"has-text-color has-medium-font-size\" style=\"color:#037a02\"><strong>Logo f\u00fcr das Barissimo Caf\u00e9 <\/strong><\/p>\n\n\n\n<div class=\"wp-block-columns are-vertically-aligned-center\">\n<div class=\"wp-block-column is-vertically-aligned-center\" style=\"flex-basis:71%\">\n<div class=\"wp-block-image\"><figure class=\"aligncenter size-large\"><img loading=\"lazy\" width=\"836\" height=\"669\" src=\"https:\/\/stuebi-hamburg.de\/stadtteilschule\/wp-content\/blogs.dir\/2\/files\/2021\/01\/logo-barissimo-final_orig-1.png\" alt=\"\" class=\"wp-image-9664\" srcset=\"https:\/\/stuebi-hamburg.de\/stadtteilschule\/wp-content\/blogs.dir\/2\/files\/2021\/01\/logo-barissimo-final_orig-1.png 836w, https:\/\/stuebi-hamburg.de\/stadtteilschule\/wp-content\/blogs.dir\/2\/files\/2021\/01\/logo-barissimo-final_orig-1-550x440.png 550w\" sizes=\"(max-width: 836px) 100vw, 836px\" \/><figcaption> <\/figcaption><\/figure><\/div>\n<\/div>\n\n\n\n<div class=\"wp-block-column is-vertically-aligned-center\" style=\"flex-basis:29%\">\n<figure class=\"wp-block-image size-large\"><img loading=\"lazy\" width=\"1067\" height=\"800\" src=\"https:\/\/stuebi-hamburg.de\/stadtteilschule\/wp-content\/blogs.dir\/2\/files\/2021\/01\/fotos-sch-ler-02_orig-1.jpg\" alt=\"\" class=\"wp-image-9660\" srcset=\"https:\/\/stuebi-hamburg.de\/stadtteilschule\/wp-content\/blogs.dir\/2\/files\/2021\/01\/fotos-sch-ler-02_orig-1.jpg 1067w, https:\/\/stuebi-hamburg.de\/stadtteilschule\/wp-content\/blogs.dir\/2\/files\/2021\/01\/fotos-sch-ler-02_orig-1-587x440.jpg 587w\" sizes=\"(max-width: 1067px) 100vw, 1067px\" \/><figcaption>Sch\u00fcler im Medien-St\u00fcbi<\/figcaption><\/figure>\n\n\n\n<figure class=\"wp-block-image size-large\"><img loading=\"lazy\" width=\"1100\" height=\"733\" src=\"https:\/\/stuebi-hamburg.de\/stadtteilschule\/wp-content\/blogs.dir\/2\/files\/2021\/01\/img-9584_orig-1.jpg\" alt=\"\" class=\"wp-image-9662\" srcset=\"https:\/\/stuebi-hamburg.de\/stadtteilschule\/wp-content\/blogs.dir\/2\/files\/2021\/01\/img-9584_orig-1.jpg 1100w, https:\/\/stuebi-hamburg.de\/stadtteilschule\/wp-content\/blogs.dir\/2\/files\/2021\/01\/img-9584_orig-1-658x438.jpg 658w\" sizes=\"(max-width: 1100px) 100vw, 1100px\" \/><figcaption>Entwurfsarbeiten am Logo<\/figcaption><\/figure>\n<\/div>\n<\/div>\n\n\n\n<hr class=\"wp-block-separator\" \/>\n\n\n\n<p class=\"has-text-color has-medium-font-size\" style=\"color:#037a02\"><strong>Foto- und Webprojekte<\/strong><\/p>\n\n\n\n<p>Mit Spiegelreflexkameras fotografieren Sch\u00fclerinnen und Sch\u00fcler aus dem Medien-St\u00fcbi Produkte wie beispielsweise die Speisen der Sch\u00fclerfirma <a href=\"https:\/\/stuebi-hamburg.de\/stadtteilschule\/lernen\/schuelerfirmen\/barista\/\">Barista<\/a> und bearbeiten die Bilder professionell nach. H\u00e4ufig werden die Sch\u00fcler beauftragt Image-Fotos aufzunehmen, um diese auf Websiten von Kunden zu ver\u00f6ffentlichen. Deinem n\u00e4chsten Web-\/Fotoprojekt im Medien-St\u00fcbi steht nichts mehr im Weg.<\/p>\n\n\n\n<div style=\"height:20px\" aria-hidden=\"true\" class=\"wp-block-spacer\"><\/div>\n\n\n\n<div class=\"wp-block-media-text alignwide is-stacked-on-mobile is-image-fill has-very-light-gray-background-color has-background\" style=\"grid-template-columns:64% auto\"><figure class=\"wp-block-media-text__media\" style=\"background-image:url(https:\/\/stuebi-hamburg.de\/stadtteilschule\/wp-content\/blogs.dir\/2\/files\/2021\/01\/IMG_2864-1620x1080.jpg);background-position:58.986175115207% 72.75862068965499%\"><img loading=\"lazy\" width=\"1620\" height=\"1080\" src=\"https:\/\/stuebi-hamburg.de\/stadtteilschule\/wp-content\/blogs.dir\/2\/files\/2021\/01\/IMG_2864-1620x1080.jpg\" alt=\"\" class=\"wp-image-9758 size-full\" srcset=\"https:\/\/stuebi-hamburg.de\/stadtteilschule\/wp-content\/blogs.dir\/2\/files\/2021\/01\/IMG_2864-1620x1080.jpg 1620w, https:\/\/stuebi-hamburg.de\/stadtteilschule\/wp-content\/blogs.dir\/2\/files\/2021\/01\/IMG_2864-658x440.jpg 658w\" sizes=\"(max-width: 1620px) 100vw, 1620px\" \/><\/figure><div class=\"wp-block-media-text__content\">\n<p class=\"has-text-align-left has-very-light-gray-background-color has-text-color has-background has-small-font-size\" style=\"color:#03658f\"><strong>Ein<\/strong> <strong>Fotoprojekt aus dem Medien-St\u00fcbi<\/strong><\/p>\n<\/div><\/div>\n\n\n\n<div style=\"height:20px\" aria-hidden=\"true\" class=\"wp-block-spacer\"><\/div>\n\n\n\n<hr class=\"wp-block-separator\" \/>\n\n\n\n<p class=\"has-text-color has-medium-font-size\" style=\"color:#037a02\"><strong>Audio- und Video-Produktion <\/strong><\/p>\n\n\n\n<p>Ein weiteres Feld in der Medien-Branche ist der Audio- und Videobereich. Hier lernst du Audiodateien und Videoclips aufzunehmen und zu schneiden.&nbsp;Unser Audio-Spot <strong><a href=\"https:\/\/stuebi-hamburg.de\/stadtteilschule\/lernen\/foerdern-fordern\/wettbewerbe\/\">Reisender<\/a><\/strong>, produziert von Sch\u00fclern aus dem Medien-St\u00fcbi, gewann den ersten Platz beim Wettbewerb von <em>AudiYou<\/em> und <em>Hinz&amp;Kunzt<\/em>. Aktuell entwickelt unser Medien-St\u00fcbi einen Imagefilm f\u00fcr unsere Schule, hier gibt es eine <a href=\"https:\/\/stuebi-hamburg.de\/stadtteilschule\/2021\/01\/05\/teaser-wie-sieht-der-schulalltag-am-stuebenhofer-weg-aus\/\">Vorschau<\/a>.<\/p>\n\n\n\n<div class=\"wp-block-columns\">\n<div class=\"wp-block-column\" style=\"flex-basis:48%\">\n<figure class=\"wp-block-image size-large\"><a href=\"https:\/\/stuebi-hamburg.de\/stadtteilschule\/lernen\/foerdern-fordern\/wettbewerbe\/\"><img loading=\"lazy\" width=\"1280\" height=\"900\" src=\"https:\/\/stuebi-hamburg.de\/stadtteilschule\/wp-content\/blogs.dir\/2\/files\/2020\/11\/Urkunde_Wettbewerb01-2.png\" alt=\"\" class=\"wp-image-8559\" srcset=\"https:\/\/stuebi-hamburg.de\/stadtteilschule\/wp-content\/blogs.dir\/2\/files\/2020\/11\/Urkunde_Wettbewerb01-2.png 1280w, https:\/\/stuebi-hamburg.de\/stadtteilschule\/wp-content\/blogs.dir\/2\/files\/2020\/11\/Urkunde_Wettbewerb01-2-626x440.png 626w\" sizes=\"(max-width: 1280px) 100vw, 1280px\" \/><\/a><\/figure>\n<\/div>\n\n\n\n<div class=\"wp-block-column is-vertically-aligned-center\" style=\"flex-basis:52%\">\n<figure class=\"wp-block-image size-large\"><a href=\"https:\/\/stuebi-hamburg.de\/stadtteilschule\/2021\/01\/05\/teaser-wie-sieht-der-schulalltag-am-stuebenhofer-weg-aus\/\"><img loading=\"lazy\" width=\"1422\" height=\"848\" src=\"https:\/\/stuebi-hamburg.de\/stadtteilschule\/wp-content\/blogs.dir\/2\/files\/2021\/01\/Bildschirmfoto-2021-01-05-um-10.40.11.png\" alt=\"\" class=\"wp-image-9481\" srcset=\"https:\/\/stuebi-hamburg.de\/stadtteilschule\/wp-content\/blogs.dir\/2\/files\/2021\/01\/Bildschirmfoto-2021-01-05-um-10.40.11.png 1422w, https:\/\/stuebi-hamburg.de\/stadtteilschule\/wp-content\/blogs.dir\/2\/files\/2021\/01\/Bildschirmfoto-2021-01-05-um-10.40.11-658x392.png 658w\" sizes=\"(max-width: 1422px) 100vw, 1422px\" \/><\/a><\/figure>\n<\/div>\n<\/div>\n\n\n\n<hr class=\"wp-block-separator\" \/>\n\n\n\n<p class=\"has-text-color has-medium-font-size\" style=\"color:#037a02\"><strong>Technik und IT<\/strong><\/p>\n\n\n\n<p>Im Bereich Technik erf\u00e4hrst du, wie ein Betriebssystem richtig eingestellt, wie Software einspielt und aktualisiert oder wie kleinere Reparaturen an der Hardware durchf\u00fchrt werden.&nbsp;Beim Anfertigen von Netzwerkkabeln entwickelst du auch handwerkliches Geschick.<\/p>\n\n\n\n<p>Insgesamt werden von uns mehr als 120 Schul-PCs betreut. Au\u00dferdem sorgen wir daf\u00fcr, dass alle Smart-Boards funktionieren.&nbsp;Wir unterst\u00fctzen unsere Lehrer und Mitsch\u00fcler beim Umgang mit diversen Anwendungsprogrammen. <\/p>\n\n\n\n<hr class=\"wp-block-separator\" \/>\n\n\n\n<p class=\"has-text-color has-medium-font-size\" style=\"color:#037a02\"><strong>Welche Berufe werden abgebildet?<\/strong><\/p>\n\n\n\n<div class=\"wp-block-columns\">\n<div class=\"wp-block-column\">\n<ul><li>Mediengestalter Digital und Print&nbsp;&nbsp;&nbsp;&nbsp;<\/li><li>Mediengestalter Bild und Ton<\/li><li>Webdesigner\/-in<\/li><li>Fotograf\/-in<\/li><\/ul>\n<\/div>\n\n\n\n<div class=\"wp-block-column\">\n<ul><li>&nbsp;IT-System-Elektroniker\/in<\/li><li>&nbsp;IT-Kaufmann\/-frau<\/li><li>&nbsp;Elektroniker\/in Informations- &amp; Systemtechnik<\/li><\/ul>\n<\/div>\n<\/div>\n\n\n\n<hr class=\"wp-block-separator\" \/>\n\n\n\n<p class=\"has-text-color has-medium-font-size\" style=\"color:#037a02\"><strong>Wie bewerbe ich mich?<\/strong><\/p>\n\n\n\n<p>Das Medien-St\u00fcbi ist eine Sch\u00fclerfirma der Stadtteilschule St\u00fcbenhofer Weg und jeden Mittwoch von 8:20 bis 13:25 Uhr ge\u00f6ffnet.&nbsp;Ansprechpartner sind Herr H\u00fcbenthal und Frau Sp\u00f6rhase. Bewerbungen per E-Mail an<strong><a href=\"mailto:medien-stuebi@stuebenhofer-weg.de\">&nbsp;medien-stuebi@stuebenhofer-weg.de<\/a><\/strong><br><br><\/p>\n","protected":false},"excerpt":{"rendered":"<p>Gestaltung visueller Medien Wir sind die Profis am PC Was lernst du in der Sch\u00fclerfirma? Im Medien-St\u00fcbi lernst du, wie du visuelle Medien gestalten kannst. Dabei \u00fcberlegst du dir, wie ein Logo f\u00fcr ein Unternehmen oder eine Marke aussehen kann. &hellip; <a href=\"https:\/\/stuebi-hamburg.de\/stadtteilschule\/lernen\/schuelerfirmen\/medien-stuebi\/\">Weiterlesen <span class=\"meta-nav\">&rarr;<\/span><\/a><\/p>\n","protected":false},"author":10,"featured_media":0,"parent":9408,"menu_order":0,"comment_status":"closed","ping_status":"closed","template":"","meta":[],"_links":{"self":[{"href":"https:\/\/stuebi-hamburg.de\/stadtteilschule\/wp-json\/wp\/v2\/pages\/2705"}],"collection":[{"href":"https:\/\/stuebi-hamburg.de\/stadtteilschule\/wp-json\/wp\/v2\/pages"}],"about":[{"href":"https:\/\/stuebi-hamburg.de\/stadtteilschule\/wp-json\/wp\/v2\/types\/page"}],"author":[{"embeddable":true,"href":"https:\/\/stuebi-hamburg.de\/stadtteilschule\/wp-json\/wp\/v2\/users\/10"}],"replies":[{"embeddable":true,"href":"https:\/\/stuebi-hamburg.de\/stadtteilschule\/wp-json\/wp\/v2\/comments?post=2705"}],"version-history":[{"count":130,"href":"https:\/\/stuebi-hamburg.de\/stadtteilschule\/wp-json\/wp\/v2\/pages\/2705\/revisions"}],"predecessor-version":[{"id":12236,"href":"https:\/\/stuebi-hamburg.de\/stadtteilschule\/wp-json\/wp\/v2\/pages\/2705\/revisions\/12236"}],"up":[{"embeddable":true,"href":"https:\/\/stuebi-hamburg.de\/stadtteilschule\/wp-json\/wp\/v2\/pages\/9408"}],"wp:attachment":[{"href":"https:\/\/stuebi-hamburg.de\/stadtteilschule\/wp-json\/wp\/v2\/media?parent=2705"}],"curies":[{"name":"wp","href":"https:\/\/api.w.org\/{rel}","templated":true}]}}