{"id":4668,"date":"2015-06-03T21:54:10","date_gmt":"2015-06-03T21:54:10","guid":{"rendered":"https:\/\/stuebi-hamburg.de\/stadtteilschule\/?page_id=4668"},"modified":"2025-02-03T17:11:11","modified_gmt":"2025-02-03T16:11:11","slug":"bob-team","status":"publish","type":"page","link":"https:\/\/stuebi-hamburg.de\/stadtteilschule\/kontakt\/beratung\/bob-team\/","title":{"rendered":"Beratungsdienst"},"content":{"rendered":"\n<div style=\"height:20px\" aria-hidden=\"true\" class=\"wp-block-spacer\"><\/div>\n\n\n\n<p><strong>F\u00fcr wen sind wir da?<\/strong><\/p>\n\n\n\n<p>Wir sind Ansprechpartner f\u00fcr Sch\u00fcler\/innen, Lehrer\/innen und Erziehungsberechtigte.<br>Wir unterst\u00fctzen und vermitteln bei pers\u00f6nlichen, famili\u00e4ren, schulischen und weiteren Problemlagen.<br>Unsere Angebote sind freiwillig und wir verpflichten uns zur Vertraulichkeit.<\/p>\n\n\n\n<div style=\"height:20px\" aria-hidden=\"true\" class=\"wp-block-spacer\"><\/div>\n\n\n\n<div class=\"wp-block-image\"><figure class=\"aligncenter size-large\"><img loading=\"lazy\" width=\"1784\" height=\"1080\" src=\"https:\/\/stuebi-hamburg.de\/stadtteilschule\/wp-content\/blogs.dir\/2\/files\/2025\/01\/Beratungsteam_Stuebi_Team_Foto-1784x1080.jpg\" alt=\"\" class=\"wp-image-15149\" srcset=\"https:\/\/stuebi-hamburg.de\/stadtteilschule\/wp-content\/blogs.dir\/2\/files\/2025\/01\/Beratungsteam_Stuebi_Team_Foto-1784x1080.jpg 1784w, https:\/\/stuebi-hamburg.de\/stadtteilschule\/wp-content\/blogs.dir\/2\/files\/2025\/01\/Beratungsteam_Stuebi_Team_Foto-658x398.jpg 658w, https:\/\/stuebi-hamburg.de\/stadtteilschule\/wp-content\/blogs.dir\/2\/files\/2025\/01\/Beratungsteam_Stuebi_Team_Foto-1536x930.jpg 1536w, https:\/\/stuebi-hamburg.de\/stadtteilschule\/wp-content\/blogs.dir\/2\/files\/2025\/01\/Beratungsteam_Stuebi_Team_Foto-2048x1240.jpg 2048w\" sizes=\"(max-width: 1784px) 100vw, 1784px\" \/><figcaption>v.l.o. Friederike Krinke, Brajan Michalski, Eric T\u00e9t\u00e9<br>v.l.m. Jenny Zerbin, Rita R\u00f3nai, Kristina Franke, Helena Cvijanovic<br>v.l.u. Arlinda Ibraimi, Zehra Tuna, Laili Zargapur, Muhammed Ali Kurnaz<\/figcaption><\/figure><\/div>\n\n\n\n<div style=\"height:20px\" aria-hidden=\"true\" class=\"wp-block-spacer\"><\/div>\n\n\n\n<p><strong>Kontakt<\/strong><\/p>\n\n\n\n<p>Email: <a href=\"mailto:beratungsdienst@stuebenhofer-weg.de\">beratungsdienst@stuebenhofer-weg.de<\/a><br>Telefon:&nbsp;040 &#8211; 428 7619 42 oder&nbsp;040 &#8211; 428 7619 10<\/p>\n\n\n\n<hr class=\"wp-block-separator\" \/>\n\n\n\n<div style=\"height:20px\" aria-hidden=\"true\" class=\"wp-block-spacer\"><\/div>\n\n\n\n<div class=\"wp-block-columns\">\n<div class=\"wp-block-column\">\n<figure class=\"wp-block-image size-large\"><img loading=\"lazy\" width=\"1620\" height=\"1080\" src=\"https:\/\/stuebi-hamburg.de\/stadtteilschule\/wp-content\/blogs.dir\/2\/files\/2021\/04\/7E9A0382_klein-1620x1080.jpg\" alt=\"\" class=\"wp-image-10422\" srcset=\"https:\/\/stuebi-hamburg.de\/stadtteilschule\/wp-content\/blogs.dir\/2\/files\/2021\/04\/7E9A0382_klein-1620x1080.jpg 1620w, https:\/\/stuebi-hamburg.de\/stadtteilschule\/wp-content\/blogs.dir\/2\/files\/2021\/04\/7E9A0382_klein-658x440.jpg 658w, https:\/\/stuebi-hamburg.de\/stadtteilschule\/wp-content\/blogs.dir\/2\/files\/2021\/04\/7E9A0382_klein-1536x1024.jpg 1536w, https:\/\/stuebi-hamburg.de\/stadtteilschule\/wp-content\/blogs.dir\/2\/files\/2021\/04\/7E9A0382_klein-2048x1365.jpg 2048w\" sizes=\"(max-width: 1620px) 100vw, 1620px\" \/><figcaption><strong><strong>Jenny Zerbin<\/strong><\/strong><br>PTF-Koordinatorin<br>Email: <a href=\"mailto:jenny.zerbin@stuebenhofer-weg.de\">jenny.zerbin@stuebenhofer-weg.de<\/a><\/figcaption><\/figure>\n<\/div>\n\n\n\n<div class=\"wp-block-column\">\n<figure class=\"wp-block-image size-large is-style-default\"><img loading=\"lazy\" width=\"1620\" height=\"1080\" src=\"https:\/\/stuebi-hamburg.de\/stadtteilschule\/wp-content\/blogs.dir\/2\/files\/2021\/02\/7E9A0076_klein-1620x1080.jpg\" alt=\"\" class=\"wp-image-10171\" srcset=\"https:\/\/stuebi-hamburg.de\/stadtteilschule\/wp-content\/blogs.dir\/2\/files\/2021\/02\/7E9A0076_klein-1620x1080.jpg 1620w, https:\/\/stuebi-hamburg.de\/stadtteilschule\/wp-content\/blogs.dir\/2\/files\/2021\/02\/7E9A0076_klein-658x440.jpg 658w, https:\/\/stuebi-hamburg.de\/stadtteilschule\/wp-content\/blogs.dir\/2\/files\/2021\/02\/7E9A0076_klein-1536x1024.jpg 1536w, https:\/\/stuebi-hamburg.de\/stadtteilschule\/wp-content\/blogs.dir\/2\/files\/2021\/02\/7E9A0076_klein-2048x1365.jpg 2048w\" sizes=\"(max-width: 1620px) 100vw, 1620px\" \/><figcaption><strong>Marina Merkina<\/strong><br>Beratungslehrerin<br>Email: <a href=\"mailto:marina.merkina@stuebenhofer-weg.de\">marina.merkina@stuebenhofer-weg.de<\/a><\/figcaption><\/figure>\n<\/div>\n<\/div>\n\n\n\n<div class=\"wp-block-columns\"><\/div>\n\n\n\n<hr class=\"wp-block-separator\" \/>\n\n\n<p><strong>Was bieten wir an?<\/strong><\/p>\n<p><em>Regelhaft &#8230;<\/em><\/p>\n<ul>\n<li>individuelle Beratungsangebote f\u00fcr Sch\u00fcler\/innen, Lehrer\/innen und Erziehungsberechtigte<\/li>\n<li>Einzelfallhilfe (in R\u00fccksprache und Kooperation mit der Klassenleitung)<\/li>\n<li>Beratung von Klassen z.B. bei Mobbing<\/li>\n<li>Pr\u00e4ventionsarbeit<\/li>\n<li>M\u00e4dchen-und Jungenarbeit<\/li>\n<li>Beteiligungsprojekte f\u00fcr Sch\u00fcler\/innen, wie Sch\u00fclersprecher\/innen und St\u00fcbi-Assistent\/innen<\/li>\n<li>Einzel -und Gruppenangebote im Rahmen der internen Lernwerkstatt \u201cErle\u201d<\/li>\n<li>Soziales Lernen als Unterrichtseinheit in den Jahrg\u00e4ngen 5. und 6.<\/li>\n<li>Einf\u00fchrung und Etablierung des Klassenrates, ab Klasse 5.<\/li>\n<li>Beratung im Elterncafe \u2013 Projektarbeit \u201cElternmentoren\u201d<\/li>\n<li>Mitwirkung in schulischen Gremien z.B. LEG\u2019s, Klassenkonferenzen, P\u00e4dagogischen Konferenzen<\/li>\n<\/ul>\n<p><em>Von Fall zu Fall &#8230;<\/em><\/p>\n<ul>\n<li>Konfliktmoderation<\/li>\n<li>Netzwerk- und Kooperationsarbeit mit Beratungsstellen und Institutionen im Stadtteil<\/li>\n<li>Bearbeitung von Absentismusf\u00e4llen<\/li>\n<\/ul>\n<p><em>Zusatzqualifikationen f\u00fcr &#8230;<\/em><\/p>\n<ul>\n<li>Gewaltpr\u00e4vention\/-intervention<\/li>\n<li>Streitschlichterausbildung<\/li>\n<li>No blame approach (Mobbingintervention)<\/li>\n<li>Kinderschutz<\/li>\n<li>Soziales Kompetenztraining<\/li>\n<li>Mediation<\/li>\n<\/ul>\n\n\n<hr class=\"wp-block-separator\" \/>\n\n\n\n<div style=\"height:10px\" aria-hidden=\"true\" class=\"wp-block-spacer\"><\/div>\n\n\n\n<h2>Unsere Beratungslehrerin am St\u00fcbenhofer Weg<\/h2>\n\n\n\n<div style=\"height:30px\" aria-hidden=\"true\" class=\"wp-block-spacer\"><\/div>\n\n\n\n<div class=\"wp-block-media-text alignwide is-stacked-on-mobile\" style=\"grid-template-columns:46% auto\"><figure class=\"wp-block-media-text__media\"><img loading=\"lazy\" width=\"1620\" height=\"1080\" src=\"https:\/\/stuebi-hamburg.de\/stadtteilschule\/wp-content\/blogs.dir\/2\/files\/2021\/02\/7E9A0076_klein-1620x1080.jpg\" alt=\"\" class=\"wp-image-10171 size-full\" srcset=\"https:\/\/stuebi-hamburg.de\/stadtteilschule\/wp-content\/blogs.dir\/2\/files\/2021\/02\/7E9A0076_klein-1620x1080.jpg 1620w, https:\/\/stuebi-hamburg.de\/stadtteilschule\/wp-content\/blogs.dir\/2\/files\/2021\/02\/7E9A0076_klein-658x440.jpg 658w, https:\/\/stuebi-hamburg.de\/stadtteilschule\/wp-content\/blogs.dir\/2\/files\/2021\/02\/7E9A0076_klein-1536x1024.jpg 1536w, https:\/\/stuebi-hamburg.de\/stadtteilschule\/wp-content\/blogs.dir\/2\/files\/2021\/02\/7E9A0076_klein-2048x1365.jpg 2048w\" sizes=\"(max-width: 1620px) 100vw, 1620px\" \/><\/figure><div class=\"wp-block-media-text__content\">\n<p class=\"has-normal-font-size\"><strong>Marina Merkina<\/strong><br>Beratungslehrerin<br>Email: <a href=\"mailto:marina.merkina@stuebenhofer-weg.de\">marina.merkina@stuebenhofer-weg.de<\/a><br><br>(Auch w\u00e4hrend der Schulschlie\u00dfung bin ich f\u00fcr Euch\/Sie da. Nehmen Sie Kontakt zu mir auf, ich werde mich dann schnellstm\u00f6glich bei Ihnen melden).<\/p>\n<\/div><\/div>\n\n\n\n<div style=\"height:40px\" aria-hidden=\"true\" class=\"wp-block-spacer\"><\/div>\n\n\n\n<p>Sch\u00fclerinnen und Sch\u00fcler, Eltern sowie Lehrerinnen und Lehrer k\u00f6nnen sich mit den verschiedensten Anliegen an mich wenden. In Gespr\u00e4chen versuche ich, die Ratsuchenden zu unterst\u00fctzen, das Anliegen deutlicher zu fassen und L\u00f6sungs- sowie Handlungsm\u00f6glichkeiten zu entwickeln. Dazu sind ein oder mehrere Gespr\u00e4che notwendig. Bei Bedarf vermittle ich auch au\u00dferschulische Kontakte zu externen Beratungsstellen.<\/p>\n\n\n\n<div style=\"height:30px\" aria-hidden=\"true\" class=\"wp-block-spacer\"><\/div>\n\n\n\n<p><strong>Vertraulichkeit<\/strong><br><br>Grunds\u00e4tzlich sind alle Gespr\u00e4che vertraulich, die ich als Beratungslehrerin f\u00fchre. Es sei denn, der oder die Ratsuchende entbindet mich von der Schweigepflicht.<\/p>\n\n\n\n<div style=\"height:30px\" aria-hidden=\"true\" class=\"wp-block-spacer\"><\/div>\n\n\n\n<p><strong>Um welche Anliegen geht es dabei?<\/strong><\/p>\n\n\n\n<ul><li>Schwierigkeiten beim Lernen und Schulleistung (z. B. Konzentration oder mangelnder Antrieb, Klassenziel, Noten, Einfinden in der Schule nach dem Schulwechsel)<\/li><li>Infos \u00fcber m\u00f6gliche Hilfen (Schulpsychologie, Erziehungsberatung)<\/li><li>Hilfe durch Gespr\u00e4che bei Stress und Krisen (Mobbing, Ausgrenzung, sozialer R\u00fcckzug)<\/li><li>Angespannte famili\u00e4re Situationen, die sich auf den Schulalltag auswirken k\u00f6nnten<\/li><li>Sorgen und Probleme von l\u00e4ngerer Dauer, \u00fcber die ihr noch nie gesprochen habt und die euch sehr belasten<\/li><li>Schulangst und Schulvermeidung (z.B. \u201eBlack Outs\u201c in Klassenarbeiten)<\/li><li>Unterst\u00fctzung von Klassenlehrern\/innen bei schwierigen Beratungsf\u00e4llen (Klassenberatung)<\/li><li>Moderation von Gespr\u00e4chen\/Konfliktmoderation<\/li><\/ul>\n\n\n\n<div style=\"height:30px\" aria-hidden=\"true\" class=\"wp-block-spacer\"><\/div>\n\n\n\n<p><strong>Kontakt<\/strong><\/p>\n\n\n\n<p>Sch\u00fclerinnen und Sch\u00fcler nehmen direkt Kontakt zu mir auf, in der Pause oder \u00fcber IServ. Dann k\u00f6nnen wir einen Termin vereinbaren. Ihr k\u00f6nnt auch eure Klassenlehrer bitten, mit mir Kontakt aufzunehmen.<br>&nbsp;<br>Die Sprechstunden finden dienstags in der Mittagsfreizeit im Beratungsraum im Mittelgeb\u00e4ude neben der Schulbibliothek statt. Zus\u00e4tzlich k\u00f6nnen nat\u00fcrlich weitere Termine vereinbart werden.<br><br>Eltern k\u00f6nnen \u00fcber eine Email&nbsp;<a href=\"mailto:marina.merkina@stuebenhofer-weg.de\">marina.merkina@stuebenhofer-weg.de<\/a> oder \u00fcber das Sekretariat Tel. 040-428761910&nbsp; Kontakt zu mir aufnehmen.&nbsp;<br><br>Kollegen\/innen k\u00f6nnen jederzeit um ein Gespr\u00e4ch bitten. Alle Gespr\u00e4che sind vertraulich.&nbsp;<\/p>\n\n\n\n<div style=\"height:21px\" aria-hidden=\"true\" class=\"wp-block-spacer\"><\/div>\n\n\n\n<hr class=\"wp-block-separator\" \/>\n","protected":false},"excerpt":{"rendered":"<p>F\u00fcr wen sind wir da? Wir sind Ansprechpartner f\u00fcr Sch\u00fcler\/innen, Lehrer\/innen und Erziehungsberechtigte.Wir unterst\u00fctzen und vermitteln bei pers\u00f6nlichen, famili\u00e4ren, schulischen und weiteren Problemlagen.Unsere Angebote sind freiwillig und wir verpflichten uns zur Vertraulichkeit. Kontakt Email: beratungsdienst@stuebenhofer-weg.deTelefon:&nbsp;040 &#8211; 428 7619 42 oder&nbsp;040 &hellip; <a href=\"https:\/\/stuebi-hamburg.de\/stadtteilschule\/kontakt\/beratung\/bob-team\/\">Weiterlesen <span class=\"meta-nav\">&rarr;<\/span><\/a><\/p>\n","protected":false},"author":10,"featured_media":0,"parent":4653,"menu_order":0,"comment_status":"closed","ping_status":"closed","template":"","meta":[],"_links":{"self":[{"href":"https:\/\/stuebi-hamburg.de\/stadtteilschule\/wp-json\/wp\/v2\/pages\/4668"}],"collection":[{"href":"https:\/\/stuebi-hamburg.de\/stadtteilschule\/wp-json\/wp\/v2\/pages"}],"about":[{"href":"https:\/\/stuebi-hamburg.de\/stadtteilschule\/wp-json\/wp\/v2\/types\/page"}],"author":[{"embeddable":true,"href":"https:\/\/stuebi-hamburg.de\/stadtteilschule\/wp-json\/wp\/v2\/users\/10"}],"replies":[{"embeddable":true,"href":"https:\/\/stuebi-hamburg.de\/stadtteilschule\/wp-json\/wp\/v2\/comments?post=4668"}],"version-history":[{"count":149,"href":"https:\/\/stuebi-hamburg.de\/stadtteilschule\/wp-json\/wp\/v2\/pages\/4668\/revisions"}],"predecessor-version":[{"id":15160,"href":"https:\/\/stuebi-hamburg.de\/stadtteilschule\/wp-json\/wp\/v2\/pages\/4668\/revisions\/15160"}],"up":[{"embeddable":true,"href":"https:\/\/stuebi-hamburg.de\/stadtteilschule\/wp-json\/wp\/v2\/pages\/4653"}],"wp:attachment":[{"href":"https:\/\/stuebi-hamburg.de\/stadtteilschule\/wp-json\/wp\/v2\/media?parent=4668"}],"curies":[{"name":"wp","href":"https:\/\/api.w.org\/{rel}","templated":true}]}}