{"id":4789,"date":"2015-06-04T09:53:59","date_gmt":"2015-06-04T09:53:59","guid":{"rendered":"https:\/\/stuebi-hamburg.de\/stadtteilschule\/?page_id=4789"},"modified":"2025-11-25T14:22:40","modified_gmt":"2025-11-25T13:22:40","slug":"anmeldung-neue-schueler","status":"publish","type":"page","link":"https:\/\/stuebi-hamburg.de\/stadtteilschule\/kontakt\/verwaltung\/anmeldung-neue-schueler\/","title":{"rendered":"Anmeldung Schuljahr 26\/27"},"content":{"rendered":"\n<div style=\"height:40px\" aria-hidden=\"true\" class=\"wp-block-spacer\"><\/div>\n\n\n\n<p>Liebe Eltern, liebe Sch\u00fclerinnen und Sch\u00fcler, liebe interessierte G\u00e4ste,<br><br>herzlich Willkommen auf unseren Seiten zur Anmeldung f\u00fcr das <strong>Schuljahr 26\/27<\/strong>. Hier finden Sie f\u00fcr die jeweilige Klassenstufe Informationen zum Start, zum Anmeldeverfahren mit Terminen und die f\u00fcr Ihre Fragen zust\u00e4ndigen Ansprechpartner. Und unser Schulfeier f\u00fcr Sie zum Download im PDF-Format.<\/p>\n\n\n\n<div style=\"height:20px\" aria-hidden=\"true\" class=\"wp-block-spacer\"><\/div>\n\n\n\n<div class=\"wp-block-columns are-vertically-aligned-center\">\n<div class=\"wp-block-column is-vertically-aligned-center\" style=\"flex-basis:13%\">\n<figure class=\"wp-block-image size-large\"><a href=\"https:\/\/stuebi-hamburg.de\/stadtteilschule\/wp-content\/blogs.dir\/2\/files\/2021\/01\/Hauptprospekt_St\u00fcbenhofer_Weg.pdf\"><img loading=\"lazy\" width=\"640\" height=\"640\" src=\"https:\/\/stuebi-hamburg.de\/stadtteilschule\/wp-content\/blogs.dir\/2\/files\/2021\/01\/PDF_icon.jpg\" alt=\"\" class=\"wp-image-9597\" srcset=\"https:\/\/stuebi-hamburg.de\/stadtteilschule\/wp-content\/blogs.dir\/2\/files\/2021\/01\/PDF_icon.jpg 640w, https:\/\/stuebi-hamburg.de\/stadtteilschule\/wp-content\/blogs.dir\/2\/files\/2021\/01\/PDF_icon-440x440.jpg 440w\" sizes=\"(max-width: 640px) 100vw, 640px\" \/><\/a><\/figure>\n<\/div>\n\n\n\n<div class=\"wp-block-column is-vertically-aligned-center\" style=\"flex-basis:87%\">\n<div class=\"wp-block-file\"><a href=\"https:\/\/stuebi-hamburg.de\/stadtteilschule\/wp-content\/blogs.dir\/2\/files\/2021\/01\/Hauptprospekt_St\u00fcbenhofer_Weg.pdf\" target=\"_blank\" rel=\"noreferrer noopener\">Schulflyer_St\u00fcbenhofer_Weg.pdf<\/a><\/div>\n<\/div>\n<\/div>\n\n\n\n<div class=\"wp-block-media-text alignwide is-stacked-on-mobile is-vertically-aligned-center has-very-light-gray-background-color has-background\" style=\"grid-template-columns:33% auto\"><figure class=\"wp-block-media-text__media\"><img loading=\"lazy\" width=\"1620\" height=\"1080\" src=\"https:\/\/stuebi-hamburg.de\/stadtteilschule\/wp-content\/blogs.dir\/2\/files\/2020\/12\/Kinder-auf-Pferden-1620x1080.jpg\" alt=\"\" class=\"wp-image-9298 size-full\" srcset=\"https:\/\/stuebi-hamburg.de\/stadtteilschule\/wp-content\/blogs.dir\/2\/files\/2020\/12\/Kinder-auf-Pferden-1620x1080.jpg 1620w, https:\/\/stuebi-hamburg.de\/stadtteilschule\/wp-content\/blogs.dir\/2\/files\/2020\/12\/Kinder-auf-Pferden-658x440.jpg 658w\" sizes=\"(max-width: 1620px) 100vw, 1620px\" \/><\/figure><div class=\"wp-block-media-text__content\">\n<h1 class=\"has-text-color\" style=\"color:#0c6292\"><strong><a href=\"https:\/\/stuebi-hamburg.de\/stadtteilschule\/kontakt\/verwaltung\/anmeldung-neue-schueler\/zum-start-in-der-vorschule\/\">Zum Start in der Vorschule<\/a><\/strong><\/h1>\n<\/div><\/div>\n\n\n\n<div style=\"height:20px\" aria-hidden=\"true\" class=\"wp-block-spacer\"><\/div>\n\n\n\n<div class=\"wp-block-media-text alignwide is-stacked-on-mobile is-vertically-aligned-center has-background\" style=\"background-color:#edf6fd;grid-template-columns:33% auto\"><figure class=\"wp-block-media-text__media\"><img loading=\"lazy\" width=\"1620\" height=\"1080\" src=\"https:\/\/stuebi-hamburg.de\/stadtteilschule\/wp-content\/blogs.dir\/2\/files\/2020\/12\/Springseil-Kopie-1620x1080.jpg\" alt=\"\" class=\"wp-image-9308 size-full\" srcset=\"https:\/\/stuebi-hamburg.de\/stadtteilschule\/wp-content\/blogs.dir\/2\/files\/2020\/12\/Springseil-Kopie-1620x1080.jpg 1620w, https:\/\/stuebi-hamburg.de\/stadtteilschule\/wp-content\/blogs.dir\/2\/files\/2020\/12\/Springseil-Kopie-658x440.jpg 658w\" sizes=\"(max-width: 1620px) 100vw, 1620px\" \/><\/figure><div class=\"wp-block-media-text__content\">\n<h1 class=\"has-text-color\" style=\"color:#0c6292\"><strong><a href=\"https:\/\/stuebi-hamburg.de\/stadtteilschule\/kontakt\/verwaltung\/anmeldung-neue-schueler\/start-in-klasse-1\/\">Zum Start in Klasse 1<\/a><\/strong><\/h1>\n<\/div><\/div>\n\n\n\n<div style=\"height:20px\" aria-hidden=\"true\" class=\"wp-block-spacer\"><\/div>\n\n\n\n<div class=\"wp-block-media-text alignwide is-stacked-on-mobile is-vertically-aligned-center has-very-light-gray-background-color has-background\" style=\"grid-template-columns:33% auto\"><figure class=\"wp-block-media-text__media\"><img loading=\"lazy\" width=\"1620\" height=\"1080\" src=\"https:\/\/stuebi-hamburg.de\/stadtteilschule\/wp-content\/blogs.dir\/2\/files\/2020\/12\/Sch\u00fclerRun_bearb-e1608032546115-1620x1080.jpg\" alt=\"\" class=\"wp-image-9024 size-full\" srcset=\"https:\/\/stuebi-hamburg.de\/stadtteilschule\/wp-content\/blogs.dir\/2\/files\/2020\/12\/Sch\u00fclerRun_bearb-e1608032546115-1620x1080.jpg 1620w, https:\/\/stuebi-hamburg.de\/stadtteilschule\/wp-content\/blogs.dir\/2\/files\/2020\/12\/Sch\u00fclerRun_bearb-e1608032546115-658x440.jpg 658w\" sizes=\"(max-width: 1620px) 100vw, 1620px\" \/><\/figure><div class=\"wp-block-media-text__content\">\n<h1 class=\"has-text-color\" style=\"color:#0c6292\"><strong><a href=\"https:\/\/stuebi-hamburg.de\/stadtteilschule\/kontakt\/verwaltung\/anmeldung-neue-schueler\/start-in-klasse-5\/\">Zum Start in Klasse 5<\/a><\/strong><\/h1>\n<\/div><\/div>\n\n\n\n<div style=\"height:20px\" aria-hidden=\"true\" class=\"wp-block-spacer\"><\/div>\n\n\n\n<div class=\"wp-block-media-text alignwide is-stacked-on-mobile is-vertically-aligned-center has-background\" style=\"background-color:#edf6fd;grid-template-columns:33% auto\"><figure class=\"wp-block-media-text__media\"><img loading=\"lazy\" width=\"1620\" height=\"1080\" src=\"https:\/\/stuebi-hamburg.de\/stadtteilschule\/wp-content\/blogs.dir\/2\/files\/2020\/12\/Klasse_H\u00e4nde_hoch_bearb-1620x1080.jpg\" alt=\"\" class=\"wp-image-9031 size-full\" srcset=\"https:\/\/stuebi-hamburg.de\/stadtteilschule\/wp-content\/blogs.dir\/2\/files\/2020\/12\/Klasse_H\u00e4nde_hoch_bearb-1620x1080.jpg 1620w, https:\/\/stuebi-hamburg.de\/stadtteilschule\/wp-content\/blogs.dir\/2\/files\/2020\/12\/Klasse_H\u00e4nde_hoch_bearb-658x440.jpg 658w\" sizes=\"(max-width: 1620px) 100vw, 1620px\" \/><\/figure><div class=\"wp-block-media-text__content\">\n<h1 class=\"has-text-color\" style=\"color:#0c6292\"><strong>Zum Start in Klasse 7<\/strong><\/h1>\n<\/div><\/div>\n\n\n\n<div style=\"height:20px\" aria-hidden=\"true\" class=\"wp-block-spacer\"><\/div>\n\n\n\n<div class=\"wp-block-media-text alignwide is-stacked-on-mobile is-vertically-aligned-center has-very-light-gray-background-color has-background\" style=\"grid-template-columns:33% auto\"><figure class=\"wp-block-media-text__media\"><img loading=\"lazy\" width=\"1620\" height=\"1080\" src=\"https:\/\/stuebi-hamburg.de\/stadtteilschule\/wp-content\/blogs.dir\/2\/files\/2020\/12\/Aeltere_Sch\u00fcler_2-1620x1080.jpg\" alt=\"\" class=\"wp-image-9339 size-full\" srcset=\"https:\/\/stuebi-hamburg.de\/stadtteilschule\/wp-content\/blogs.dir\/2\/files\/2020\/12\/Aeltere_Sch\u00fcler_2-1620x1080.jpg 1620w, https:\/\/stuebi-hamburg.de\/stadtteilschule\/wp-content\/blogs.dir\/2\/files\/2020\/12\/Aeltere_Sch\u00fcler_2-658x440.jpg 658w\" sizes=\"(max-width: 1620px) 100vw, 1620px\" \/><\/figure><div class=\"wp-block-media-text__content\">\n<h1 class=\"has-text-color\" style=\"color:#0c6292\"><strong><a href=\"https:\/\/stuebi-hamburg.de\/stadtteilschule\/kontakt\/verwaltung\/anmeldung-neue-schueler\/start-in-klasse-11\/\">Zum Start in Klasse 11<\/a><\/strong><\/h1>\n<\/div><\/div>\n\n\n\n<div style=\"height:30px\" aria-hidden=\"true\" class=\"wp-block-spacer\"><\/div>\n\n\n\n<div style=\"height:100px\" aria-hidden=\"true\" class=\"wp-block-spacer\"><\/div>\n","protected":false},"excerpt":{"rendered":"<p>Liebe Eltern, liebe Sch\u00fclerinnen und Sch\u00fcler, liebe interessierte G\u00e4ste, herzlich Willkommen auf unseren Seiten zur Anmeldung f\u00fcr das Schuljahr 26\/27. Hier finden Sie f\u00fcr die jeweilige Klassenstufe Informationen zum Start, zum Anmeldeverfahren mit Terminen und die f\u00fcr Ihre Fragen zust\u00e4ndigen &hellip; <a href=\"https:\/\/stuebi-hamburg.de\/stadtteilschule\/kontakt\/verwaltung\/anmeldung-neue-schueler\/\">Weiterlesen <span class=\"meta-nav\">&rarr;<\/span><\/a><\/p>\n","protected":false},"author":10,"featured_media":0,"parent":4610,"menu_order":0,"comment_status":"closed","ping_status":"closed","template":"","meta":[],"_links":{"self":[{"href":"https:\/\/stuebi-hamburg.de\/stadtteilschule\/wp-json\/wp\/v2\/pages\/4789"}],"collection":[{"href":"https:\/\/stuebi-hamburg.de\/stadtteilschule\/wp-json\/wp\/v2\/pages"}],"about":[{"href":"https:\/\/stuebi-hamburg.de\/stadtteilschule\/wp-json\/wp\/v2\/types\/page"}],"author":[{"embeddable":true,"href":"https:\/\/stuebi-hamburg.de\/stadtteilschule\/wp-json\/wp\/v2\/users\/10"}],"replies":[{"embeddable":true,"href":"https:\/\/stuebi-hamburg.de\/stadtteilschule\/wp-json\/wp\/v2\/comments?post=4789"}],"version-history":[{"count":252,"href":"https:\/\/stuebi-hamburg.de\/stadtteilschule\/wp-json\/wp\/v2\/pages\/4789\/revisions"}],"predecessor-version":[{"id":15648,"href":"https:\/\/stuebi-hamburg.de\/stadtteilschule\/wp-json\/wp\/v2\/pages\/4789\/revisions\/15648"}],"up":[{"embeddable":true,"href":"https:\/\/stuebi-hamburg.de\/stadtteilschule\/wp-json\/wp\/v2\/pages\/4610"}],"wp:attachment":[{"href":"https:\/\/stuebi-hamburg.de\/stadtteilschule\/wp-json\/wp\/v2\/media?parent=4789"}],"curies":[{"name":"wp","href":"https:\/\/api.w.org\/{rel}","templated":true}]}}