{"id":9415,"date":"2020-12-17T22:17:19","date_gmt":"2020-12-17T21:17:19","guid":{"rendered":"https:\/\/stuebi-hamburg.de\/stadtteilschule\/?page_id=9415"},"modified":"2021-05-12T09:21:23","modified_gmt":"2021-05-12T07:21:23","slug":"textildesign","status":"publish","type":"page","link":"https:\/\/stuebi-hamburg.de\/stadtteilschule\/lernen\/schuelerfirmen\/textildesign\/","title":{"rendered":"SUO Design"},"content":{"rendered":"\n<h2>Die Sch\u00fclerfirma SuoDesign Textil besteht aus Sch\u00fcler\/innen des 9. Jahrgangs. Sie haben unserer Sch\u00fclerfirma den Namen \u201eSuoDesign\u201c gegeben. \u201eSuo\u201c kommt aus dem lateinischen und bedeutet im \u00fcbertragenen Sinne \u201en\u00e4hen\u201c.<\/h2>\n\n\n\n<div style=\"height:30px\" aria-hidden=\"true\" class=\"wp-block-spacer\"><\/div>\n\n\n\n<div class=\"wp-block-media-text alignwide is-stacked-on-mobile is-vertically-aligned-center\" style=\"grid-template-columns:42% auto\"><figure class=\"wp-block-media-text__media\"><img loading=\"lazy\" width=\"1490\" height=\"958\" src=\"https:\/\/stuebi-hamburg.de\/stadtteilschule\/wp-content\/blogs.dir\/2\/files\/2021\/05\/Bildschirmfoto-2021-05-04-um-10.45.21.png\" alt=\"\" class=\"wp-image-10576 size-full\" srcset=\"https:\/\/stuebi-hamburg.de\/stadtteilschule\/wp-content\/blogs.dir\/2\/files\/2021\/05\/Bildschirmfoto-2021-05-04-um-10.45.21.png 1490w, https:\/\/stuebi-hamburg.de\/stadtteilschule\/wp-content\/blogs.dir\/2\/files\/2021\/05\/Bildschirmfoto-2021-05-04-um-10.45.21-658x423.png 658w\" sizes=\"(max-width: 1490px) 100vw, 1490px\" \/><\/figure><div class=\"wp-block-media-text__content\">\n<p>Eingebettet ist unsere Sch\u00fclerfirma in den Praxislerntag (PLT) an der Schule St\u00fcbenhofer Weg. Dadurch wird den Sch\u00fcler\/innen die Gelegenheit geboten, vielf\u00e4ltige praktische Kenntnisse und F\u00e4higkeiten zu erwerben und diese anzuwenden. Die Arbeitszeiten orientieren sich nicht an Schulstunden, sondern an betrieblichen Arbeitsprozessen. <\/p>\n<\/div><\/div>\n\n\n\n<div style=\"height:30px\" aria-hidden=\"true\" class=\"wp-block-spacer\"><\/div>\n\n\n\n<p>Der PLT f\u00f6rdert Kompetenzen wie selbstverantwortliches und selbstst\u00e4ndiges Handeln im Team, das Entwickeln von Analysef\u00e4higkeit, Handlungsf\u00e4higkeit, Planungsf\u00e4higkeit und Urteilsf\u00e4higkeit.<\/p>\n\n\n\n<div style=\"height:30px\" aria-hidden=\"true\" class=\"wp-block-spacer\"><\/div>\n\n\n\n<div class=\"wp-block-media-text alignwide has-media-on-the-right is-stacked-on-mobile is-vertically-aligned-center\" style=\"grid-template-columns:auto 44%\"><figure class=\"wp-block-media-text__media\"><img loading=\"lazy\" width=\"1436\" height=\"964\" src=\"https:\/\/stuebi-hamburg.de\/stadtteilschule\/wp-content\/blogs.dir\/2\/files\/2021\/05\/Bildschirmfoto-2021-05-04-um-10.46.30.png\" alt=\"\" class=\"wp-image-10580 size-full\" srcset=\"https:\/\/stuebi-hamburg.de\/stadtteilschule\/wp-content\/blogs.dir\/2\/files\/2021\/05\/Bildschirmfoto-2021-05-04-um-10.46.30.png 1436w, https:\/\/stuebi-hamburg.de\/stadtteilschule\/wp-content\/blogs.dir\/2\/files\/2021\/05\/Bildschirmfoto-2021-05-04-um-10.46.30-655x440.png 655w\" sizes=\"(max-width: 1436px) 100vw, 1436px\" \/><\/figure><div class=\"wp-block-media-text__content\">\n<p>Unsere Sch\u00fclerfirma ist ein Schulprojekt, und anders als bei realen Firmen, hat SuoDesign p\u00e4dagogische Zielsetzungen. Wir planen und stellen textile Produkte her, zum \u00dcben textiler Techniken und meist zum internen Verkauf. Auch wenn wir externe Auftr\u00e4ge annehmen und umsetzen, z.B. in Kooperation mit Hamburger Firmen oder anderen Schulen deutschlandweit, stellen wir durch die Menge und Preise unserer Produkte, keine Konkurrenz f\u00fcr reale Firmen dar.<\/p>\n<\/div><\/div>\n\n\n\n<div style=\"height:30px\" aria-hidden=\"true\" class=\"wp-block-spacer\"><\/div>\n\n\n\n<p>Im Ansatz werden durch Buchhaltung, Preiskalkulation, Marktforschung, Auftragsverwaltung, Wareneinkauf und Vermarktung der Produkte auch innerbetriebliche Situationen erfahren, die im Kleinen spiegeln, was neben der Fertigung der Produkte noch alles zu einem textilen Unternehmen geh\u00f6ren k\u00f6nnte. So haben die Sch\u00fcler\/innen die M\u00f6glichkeit zur Orientierung f\u00fcr ihr weiteres Berufsleben vielf\u00e4ltige, praxisnahe Eindr\u00fccke zu sammeln.&nbsp;<\/p>\n\n\n\n<div style=\"height:20px\" aria-hidden=\"true\" class=\"wp-block-spacer\"><\/div>\n\n\n\n<hr class=\"wp-block-separator\" \/>\n\n\n\n<div style=\"height:20px\" aria-hidden=\"true\" class=\"wp-block-spacer\"><\/div>\n\n\n\n<p>In der Sch\u00fclerfirma SuoDesign Textil lernen die Sch\u00fcler\/innen lernen vorerst die Grundkenntnisse des N\u00e4hmaschinenn\u00e4hens kennen. Praktisch und theoretisch werden alle Funktionen erlernt und Sicherheit im Umgang mit der Maschine ge\u00fcbt. Nach bestandenem N\u00e4hmaschinenf\u00fchrerschein, werden die ersten Produkte f\u00fcr den Verkauf gen\u00e4ht.<\/p>\n\n\n\n<div style=\"height:20px\" aria-hidden=\"true\" class=\"wp-block-spacer\"><\/div>\n\n\n\n<div class=\"wp-block-media-text alignwide is-stacked-on-mobile is-vertically-aligned-center is-image-fill has-white-background-color has-background\" style=\"grid-template-columns:46% auto\"><figure class=\"wp-block-media-text__media\" style=\"background-image:url(https:\/\/stuebi-hamburg.de\/stadtteilschule\/wp-content\/blogs.dir\/2\/files\/2021\/05\/Schuelerprojekt-Entwurfsskizze_ueberarbeitet-1734x1080.jpg);background-position:82% 50%\"><img loading=\"lazy\" width=\"1734\" height=\"1080\" src=\"https:\/\/stuebi-hamburg.de\/stadtteilschule\/wp-content\/blogs.dir\/2\/files\/2021\/05\/Schuelerprojekt-Entwurfsskizze_ueberarbeitet-1734x1080.jpg\" alt=\"\" class=\"wp-image-10655 size-full\" srcset=\"https:\/\/stuebi-hamburg.de\/stadtteilschule\/wp-content\/blogs.dir\/2\/files\/2021\/05\/Schuelerprojekt-Entwurfsskizze_ueberarbeitet-1734x1080.jpg 1734w, https:\/\/stuebi-hamburg.de\/stadtteilschule\/wp-content\/blogs.dir\/2\/files\/2021\/05\/Schuelerprojekt-Entwurfsskizze_ueberarbeitet-658x410.jpg 658w, https:\/\/stuebi-hamburg.de\/stadtteilschule\/wp-content\/blogs.dir\/2\/files\/2021\/05\/Schuelerprojekt-Entwurfsskizze_ueberarbeitet-1536x956.jpg 1536w, https:\/\/stuebi-hamburg.de\/stadtteilschule\/wp-content\/blogs.dir\/2\/files\/2021\/05\/Schuelerprojekt-Entwurfsskizze_ueberarbeitet-2048x1275.jpg 2048w\" sizes=\"(max-width: 1734px) 100vw, 1734px\" \/><\/figure><div class=\"wp-block-media-text__content\">\n<div style=\"height:30px\" aria-hidden=\"true\" class=\"wp-block-spacer\"><\/div>\n\n\n\n<p>Daf\u00fcr m\u00fcssen die Sch\u00fcler\/innen Entw\u00fcrfe f\u00fcr ein textiles Produkt erstellen, \u00fcberlegen was sie gut herstellen und verkaufen k\u00f6nnten, welches Material sie ben\u00f6tigen und in welchen Mengen, ein Schnittmuster erstellen und Arbeitsschritte zur Herstellung des Produktes festlegen. Dann das Produkt unter Ber\u00fccksichtigung der N\u00e4habfolge erstellen, den Materialverbrauch errechnen und eine Kostenanalyse erstellen, aufgrund der Materialkosten und Arbeitszeit einen Verkaufspreis ermitteln und das Produkt bewerben, bzw. sich eine Verkaufsstrategie \u00fcberlegen.<\/p>\n\n\n<\/div><\/div>\n\n\n\n<div style=\"height:30px\" aria-hidden=\"true\" class=\"wp-block-spacer\"><\/div>\n\n\n\n<p>Dazu k\u00f6nnen sie sich zusammentun und die Arbeit in Teilschritte aufgliedern und als Team arbeiten. Auf diese Weise sind Schl\u00fcsselb\u00e4nder, Rei\u00dfverschlusstaschen, Kosmetiktaschen, Rucks\u00e4cke, Buchh\u00fcllen, Wendek\u00f6rbe und vieles mehr entstanden.<\/p>\n\n\n\n<div style=\"height:20px\" aria-hidden=\"true\" class=\"wp-block-spacer\"><\/div>\n\n\n\n<div class=\"wp-block-columns has-background\" style=\"background-color:#f7f7f7\">\n<div class=\"wp-block-column\">\n<figure class=\"wp-block-image size-large is-style-default\"><img loading=\"lazy\" width=\"1440\" height=\"1080\" src=\"https:\/\/stuebi-hamburg.de\/stadtteilschule\/wp-content\/blogs.dir\/2\/files\/2021\/05\/Upcyclingtaschen-1440x1080.jpg\" alt=\"\" class=\"wp-image-10646\" srcset=\"https:\/\/stuebi-hamburg.de\/stadtteilschule\/wp-content\/blogs.dir\/2\/files\/2021\/05\/Upcyclingtaschen-1440x1080.jpg 1440w, https:\/\/stuebi-hamburg.de\/stadtteilschule\/wp-content\/blogs.dir\/2\/files\/2021\/05\/Upcyclingtaschen-587x440.jpg 587w, https:\/\/stuebi-hamburg.de\/stadtteilschule\/wp-content\/blogs.dir\/2\/files\/2021\/05\/Upcyclingtaschen-1536x1152.jpg 1536w, https:\/\/stuebi-hamburg.de\/stadtteilschule\/wp-content\/blogs.dir\/2\/files\/2021\/05\/Upcyclingtaschen-2048x1536.jpg 2048w\" sizes=\"(max-width: 1440px) 100vw, 1440px\" \/><figcaption>Upcycling-Taschen<\/figcaption><\/figure>\n<\/div>\n\n\n\n<div class=\"wp-block-column\">\n<figure class=\"wp-block-image size-large is-style-default\"><img loading=\"lazy\" width=\"1440\" height=\"1080\" src=\"https:\/\/stuebi-hamburg.de\/stadtteilschule\/wp-content\/blogs.dir\/2\/files\/2021\/05\/Innenfutter-Upcyclingtasche-1440x1080.jpg\" alt=\"\" class=\"wp-image-10645\" srcset=\"https:\/\/stuebi-hamburg.de\/stadtteilschule\/wp-content\/blogs.dir\/2\/files\/2021\/05\/Innenfutter-Upcyclingtasche-1440x1080.jpg 1440w, https:\/\/stuebi-hamburg.de\/stadtteilschule\/wp-content\/blogs.dir\/2\/files\/2021\/05\/Innenfutter-Upcyclingtasche-587x440.jpg 587w, https:\/\/stuebi-hamburg.de\/stadtteilschule\/wp-content\/blogs.dir\/2\/files\/2021\/05\/Innenfutter-Upcyclingtasche-1536x1152.jpg 1536w, https:\/\/stuebi-hamburg.de\/stadtteilschule\/wp-content\/blogs.dir\/2\/files\/2021\/05\/Innenfutter-Upcyclingtasche-2048x1536.jpg 2048w\" sizes=\"(max-width: 1440px) 100vw, 1440px\" \/><figcaption>Upcycling-Taschen mit Innenfutter<\/figcaption><\/figure>\n<\/div>\n<\/div>\n\n\n\n<p>Vermittelte Inhalte sind unter anderem die Sicherheit im Umgang mit Maschinen, Funktionen der N\u00e4hmaschine und des Stickcomputers, sachgerechter Umgang mit den Maschinen im textilen Bereich, Erstellen einfacher Werkst\u00fccke und Produkte, Fehler und technische Probleme erkennen und selbstst\u00e4ndig oder im Team l\u00f6sen k\u00f6nnen, N\u00e4hen und Besticken komplexerer Produkte, N\u00e4hen an Stationen (Teilschritte ausf\u00fchren auf Zeit) und Upcycling-Produkte f\u00fcr nachhaltigen und bewussten Umgang mit Materialien erstellen. Daf\u00fcr werden leere Capri-Sonnen, Kaffeet\u00fcten, Schokopapier und \u00e4hnliches verwendet und durch textile Methoden recycelt und upgecyclet, wodurch neue, tolle Produkte entstehen.&nbsp;<\/p>\n\n\n\n<div style=\"height:20px\" aria-hidden=\"true\" class=\"wp-block-spacer\"><\/div>\n\n\n\n<hr class=\"wp-block-separator\" \/>\n\n\n\n<div style=\"height:20px\" aria-hidden=\"true\" class=\"wp-block-spacer\"><\/div>\n\n\n\n<div class=\"wp-block-media-text alignwide is-stacked-on-mobile has-background\" style=\"background-color:#f7f7f7;grid-template-columns:29% auto\"><figure class=\"wp-block-media-text__media\"><img loading=\"lazy\" width=\"1280\" height=\"934\" src=\"https:\/\/stuebi-hamburg.de\/stadtteilschule\/wp-content\/blogs.dir\/2\/files\/2021\/05\/Applizieren-der-Patches-Detail_neu.jpg\" alt=\"\" class=\"wp-image-10667 size-full\" srcset=\"https:\/\/stuebi-hamburg.de\/stadtteilschule\/wp-content\/blogs.dir\/2\/files\/2021\/05\/Applizieren-der-Patches-Detail_neu.jpg 1280w, https:\/\/stuebi-hamburg.de\/stadtteilschule\/wp-content\/blogs.dir\/2\/files\/2021\/05\/Applizieren-der-Patches-Detail_neu-603x440.jpg 603w\" sizes=\"(max-width: 1280px) 100vw, 1280px\" \/><\/figure><div class=\"wp-block-media-text__content\">\n<h2>Einer unserer gr\u00f6\u00dferen Auftr\u00e4ge stammte von der Hamburger Filmfirma ElementE.&nbsp;<\/h2>\n<\/div><\/div>\n\n\n\n<div style=\"height:30px\" aria-hidden=\"true\" class=\"wp-block-spacer\"><\/div>\n\n\n\n<div style=\"height:20px\" aria-hidden=\"true\" class=\"wp-block-spacer\"><\/div>\n\n\n\n<p>Wir haben f\u00fcr die Firma auf 350 Strickm\u00fctzen ihr Logo gen\u00e4ht. Die Sch\u00fcler_innen haben daf\u00fcr Angebote verglichen, einen Kostenvoranschlag gemacht, die M\u00fctzen und die bedruckten Etiketten bestellt und Proben erstellt. Als wir eine positive R\u00fcckmeldung vom Auftraggeber erhalten haben, wurden die Patches mit dem Firmenlogo der Filmproduktion, mit der Maschine auf die Strickm\u00fctzen gen\u00e4ht. Mit strickten Zeitvorgaben zu arbeiten, war f\u00fcr viele eine neue Erfahrung. Durch die sich wiederholenden Arbeitsschritte, konnten die Sch\u00fcler\/innen so Einblicke in das Berufsfeld von Schneidern und Schneiderinnen oder N\u00e4hern und N\u00e4herinnen erhalten.<\/p>\n\n\n\n<div style=\"height:30px\" aria-hidden=\"true\" class=\"wp-block-spacer\"><\/div>\n\n\n\n<figure class=\"wp-block-image size-large is-style-default\"><img loading=\"lazy\" width=\"1280\" height=\"960\" src=\"https:\/\/stuebi-hamburg.de\/stadtteilschule\/wp-content\/blogs.dir\/2\/files\/2021\/05\/Applizieren-der-Patches.jpg\" alt=\"\" class=\"wp-image-10675\" srcset=\"https:\/\/stuebi-hamburg.de\/stadtteilschule\/wp-content\/blogs.dir\/2\/files\/2021\/05\/Applizieren-der-Patches.jpg 1280w, https:\/\/stuebi-hamburg.de\/stadtteilschule\/wp-content\/blogs.dir\/2\/files\/2021\/05\/Applizieren-der-Patches-587x440.jpg 587w\" sizes=\"(max-width: 1280px) 100vw, 1280px\" \/><figcaption>350 Strickm\u00fctzen wurden mit dem ElementE-Logo versehen.<\/figcaption><\/figure>\n\n\n\n<div style=\"height:20px\" aria-hidden=\"true\" class=\"wp-block-spacer\"><\/div>\n\n\n\n<p>Wir haben die Filmproduktion besuchen d\u00fcrfen und damit konnten die Sch\u00fcler und Sch\u00fclerinnen sehen, wohin ihr Produkt geliefert wurde und sie konnten in einen Arbeitsplatz der Hamburger Filmbranche besichtigen.<\/p>\n\n\n\n<div style=\"height:20px\" aria-hidden=\"true\" class=\"wp-block-spacer\"><\/div>\n\n\n\n<div class=\"wp-block-media-text alignwide has-media-on-the-right is-stacked-on-mobile has-background\" style=\"background-color:#f9fbfc;grid-template-columns:auto 42%\"><figure class=\"wp-block-media-text__media\"><img loading=\"lazy\" width=\"1440\" height=\"1080\" src=\"https:\/\/stuebi-hamburg.de\/stadtteilschule\/wp-content\/blogs.dir\/2\/files\/2021\/05\/kleine-Reissverschlusstaschen-1440x1080.jpg\" alt=\"\" class=\"wp-image-10690 size-full\" srcset=\"https:\/\/stuebi-hamburg.de\/stadtteilschule\/wp-content\/blogs.dir\/2\/files\/2021\/05\/kleine-Reissverschlusstaschen-1440x1080.jpg 1440w, https:\/\/stuebi-hamburg.de\/stadtteilschule\/wp-content\/blogs.dir\/2\/files\/2021\/05\/kleine-Reissverschlusstaschen-587x440.jpg 587w, https:\/\/stuebi-hamburg.de\/stadtteilschule\/wp-content\/blogs.dir\/2\/files\/2021\/05\/kleine-Reissverschlusstaschen-1536x1152.jpg 1536w, https:\/\/stuebi-hamburg.de\/stadtteilschule\/wp-content\/blogs.dir\/2\/files\/2021\/05\/kleine-Reissverschlusstaschen-2048x1536.jpg 2048w\" sizes=\"(max-width: 1440px) 100vw, 1440px\" \/><\/figure><div class=\"wp-block-media-text__content\">\n<p>Ein kleiner Auftrag waren 30 selbsthergestellte Rei\u00dfverschlusstaschen f\u00fcr eine Grundschulklasse an einer Schule in Osnabr\u00fcck. Sie hatten von unserer Sch\u00fclerfirma erfahren und bestellen die Taschen mit den jeweiligen Namen der Sch\u00fcler\/innen, um Mitteilungen und Essensgeld zu transportieren. Weitere Taschen in diesem Stil sind in Planung.<\/p>\n<\/div><\/div>\n\n\n\n<div style=\"height:20px\" aria-hidden=\"true\" class=\"wp-block-spacer\"><\/div>\n\n\n\n<p>Die Sch\u00fcler\/innen nehmen auch interne oder kleinere Auftr\u00e4ge an und verwalten diese selbstst\u00e4ndig. Eine andere Sch\u00fclerfirma, der <em><a href=\"https:\/\/stuebi-hamburg.de\/stadtteilschule\/lernen\/schuelerfirmen\/stuebi-manager\/\" data-type=\"page\" data-id=\"9617\">St\u00fcbiManager<\/a><\/em> verwaltet die Zahlungseing\u00e4nge und Ausgaben und f\u00fchrt uns ebenfalls Auftr\u00e4ge zu, an denen sie prozentuell oder pauschal am Gewinn beteiligt werden.<\/p>\n\n\n\n<div style=\"height:10px\" aria-hidden=\"true\" class=\"wp-block-spacer\"><\/div>\n\n\n\n<hr class=\"wp-block-separator\" \/>\n\n\n\n<div style=\"height:20px\" aria-hidden=\"true\" class=\"wp-block-spacer\"><\/div>\n\n\n\n<p>Neben dem N\u00e4hen an der Maschine, lernen die Sch\u00fcler\/innen unterschiedliche fl\u00e4chenbildende textile Techniken kennen. Zum Beispiel das Filzen eines textilen Objektes oder einer textilen Fl\u00e4che. Die Schafswolle mit warmen Seifenwasser zu walken und zu filzen, ist eine Erfahrung mit allen Sinnen und bringt auch viel Spa\u00df. Die entstandenen Filzfl\u00e4chen werden zu Blumen, Taschen, Buch- oder Handyh\u00fcllen weiterverarbeitet.<\/p>\n\n\n\n<p>Auch textile Techniken mit F\u00e4den, z.B. das Knoten und Flechten von Armb\u00e4ndern (wie das jap. Kumihimo), das Weben von einer textilen Fl\u00e4che zur Weiterverarbeitung mit bekannten Techniken, oder die Textilkunst mit F\u00e4den (z.B. nach Mana Marimoto) sind Teil der vielf\u00e4ltigen praktischen Erfahrung in der Sch\u00fclerfirma SuoDesing Textil der Schule St\u00fcbenhofer Weg.&nbsp;Textildruck mit dem Computer, Siebdruck, Schablonendruck, Hochdruck, inkl. Weiterverarbeitung der bedruckten Textilien k\u00f6nnen je nach Interesse ausprobiert werden.<\/p>\n\n\n\n<p>Im zweiten Halbjahr haben die SuoDesigner die M\u00f6glichkeit im Rahmen ihrer erlernten F\u00e4higkeiten ein eigenes Projekt zu entwerfen und von dem ersten bis zum letzten Schritt alles selbstst\u00e4ndig zu erarbeiten. Dabei werden gelernte Techniken angewendet und eigene Ideen umgesetzt. <\/p>\n\n\n\n<p><em>Eine Beschreibung der Sch\u00fcler\/innen zu ihren aktuellen Projekte folgt.<\/em><\/p>\n\n\n\n<div style=\"height:20px\" aria-hidden=\"true\" class=\"wp-block-spacer\"><\/div>\n\n\n","protected":false},"excerpt":{"rendered":"<p>Die Sch\u00fclerfirma SuoDesign Textil besteht aus Sch\u00fcler\/innen des 9. Jahrgangs. Sie haben unserer Sch\u00fclerfirma den Namen \u201eSuoDesign\u201c gegeben. \u201eSuo\u201c kommt aus dem lateinischen und bedeutet im \u00fcbertragenen Sinne \u201en\u00e4hen\u201c. Eingebettet ist unsere Sch\u00fclerfirma in den Praxislerntag (PLT) an der Schule &hellip; <a href=\"https:\/\/stuebi-hamburg.de\/stadtteilschule\/lernen\/schuelerfirmen\/textildesign\/\">Weiterlesen <span class=\"meta-nav\">&rarr;<\/span><\/a><\/p>\n","protected":false},"author":1,"featured_media":0,"parent":9408,"menu_order":0,"comment_status":"closed","ping_status":"closed","template":"","meta":[],"_links":{"self":[{"href":"https:\/\/stuebi-hamburg.de\/stadtteilschule\/wp-json\/wp\/v2\/pages\/9415"}],"collection":[{"href":"https:\/\/stuebi-hamburg.de\/stadtteilschule\/wp-json\/wp\/v2\/pages"}],"about":[{"href":"https:\/\/stuebi-hamburg.de\/stadtteilschule\/wp-json\/wp\/v2\/types\/page"}],"author":[{"embeddable":true,"href":"https:\/\/stuebi-hamburg.de\/stadtteilschule\/wp-json\/wp\/v2\/users\/1"}],"replies":[{"embeddable":true,"href":"https:\/\/stuebi-hamburg.de\/stadtteilschule\/wp-json\/wp\/v2\/comments?post=9415"}],"version-history":[{"count":99,"href":"https:\/\/stuebi-hamburg.de\/stadtteilschule\/wp-json\/wp\/v2\/pages\/9415\/revisions"}],"predecessor-version":[{"id":10761,"href":"https:\/\/stuebi-hamburg.de\/stadtteilschule\/wp-json\/wp\/v2\/pages\/9415\/revisions\/10761"}],"up":[{"embeddable":true,"href":"https:\/\/stuebi-hamburg.de\/stadtteilschule\/wp-json\/wp\/v2\/pages\/9408"}],"wp:attachment":[{"href":"https:\/\/stuebi-hamburg.de\/stadtteilschule\/wp-json\/wp\/v2\/media?parent=9415"}],"curies":[{"name":"wp","href":"https:\/\/api.w.org\/{rel}","templated":true}]}}